Suppose -3*d + 11 = 2*i + 2*d, -2*d = -3*i + 7. Suppose -2*z + 101 = 5*h, -5*z + i*h + 270 = -2*h. Is z a composite number?
False
Suppose -2*b + 0*k + 5 = k, -b + 7 = -4*k. Suppose -b*i - 48 = -6*i. Suppose i = z - 23. Is z a composite number?
True
Suppose -3*s + 21 = 3*v, -3*v - 23 = -4*s - 2*v. Is 112/5 + s/(-15) composite?
True
Let z be 613/13 + (-8)/52. Suppose 0 = 2*i - z - 119. Is i a prime number?
True
Let z = 465 - 160. Is z prime?
False
Let v(q) = -5*q - 1. Let b be v(-2). Suppose -5*d + 4*c = -2, 3*c - b + 3 = 0. Suppose -p = d*o - 163, 3*o = -3*p + 6*p + 222. Is o a prime number?
True
Let r be 9/5 + (-6)/(-30). Is (-1)/r + 71/2 a prime number?
False
Let d be (-31293)/(-15) + (-2)/10. Let z = d - 1119. Is z prime?
True
Suppose 1 = -4*m + 3*g - 3, -2*m - 2*g = -12. Let k be (m - (2 - -10))/1. Is 12/30 + (-26)/k composite?
False
Suppose 0 = 4*w - 5*w + 176. Suppose -29 + w = 3*x. Is x a composite number?
True
Let u(s) = 2*s**2 + 6*s + 41. Is u(21) a prime number?
True
Suppose -4*r = -3*u - 20, 3*r - u - 2*u - 15 = 0. Suppose 9 = r*h + 4*g - 108, -3*g - 56 = -2*h. Is h composite?
True
Suppose o + 2*u = 371, -5*u + 3*u - 1524 = -4*o. Is o composite?
False
Is (2/(-6))/((-15)/315) composite?
False
Suppose 4*g + g = -15. Let d(f) = -42*f**2 - 4*f - 4. Let w be d(g). Let y = -137 - w. Is y a composite number?
False
Let c = -6 + 11. Suppose 5*p = c*r - 45, p + 5 = -0. Suppose -5*o + r*o = -55. Is o composite?
True
Let z = 25 + -40. Let o(w) = -w**3 - 13*w**2 - 6*w + 1. Is o(z) a composite number?
False
Suppose 24 = 3*k + 3*m, -5 = 2*m - 3*m. Let h(v) be the first derivative of 7*v**3/3 - 3*v**2/2 - 3*v - 2. Is h(k) composite?
True
Suppose -5*u - 2*r = -43, -3*r + 8 = -r. Is u composite?
False
Let q be -3*(2 - 16/6). Suppose -q*x + 17 + 27 = 0. Is x prime?
False
Let o = 60 - 32. Suppose -2*t = -2*y + 184, -98 = -y - 5*t + 4*t. Let x = y - o. Is x a composite number?
False
Let w be 2 + (0 - (-2 + 2)). Suppose -2 = -3*g - 9*u + 4*u, 4*g = -w*u - 16. Let y = 37 + g. Is y a composite number?
False
Suppose c - 8*c = -4529. Is c a prime number?
True
Let h = 7 - 6. Suppose 5*w - 196 + h = 0. Is w a composite number?
True
Let h(l) = l - 8. Let f = 10 + -4. Let z be h(f). Is ((-318)/4 + 1)*z prime?
True
Suppose n = 0, -2*n = -3*u + 3*n. Suppose u = 5*l + k + 323 - 3558, l - 647 = -2*k. Is l a composite number?
False
Let s = 94 - 35. Is s composite?
False
Let a be (-3 + 100*1)*1. Suppose -c + a = -518. Is c/10*28/6 a composite number?
True
Let m(q) = 4*q**2 + 2*q + 1. Let a be m(4). Let k be (1 + -37)*(0 + 1). Let d = k + a. Is d a prime number?
True
Suppose 0*p = -p + 89. Is p a composite number?
False
Suppose -q = q - 160. Let x = q + -57. Is x a prime number?
True
Let v be 2/7 + (-12)/(-7). Suppose -4*l + 4 = 0, -v*l - 2*l = -t + 27. Suppose -g - x = 3*g - t, -4*g + x = -25. Is g composite?
False
Is (244/(-8) - 0)/((-2)/28) a composite number?
True
Let l = 2997 - 1048. Is l prime?
True
Is 8/(-6) - 10175/(-33) a prime number?
True
Let d(q) = -19*q - 11. Let g be d(5). Let h be g*18 + 2 + -4. Is (2/(-4))/(5/h) composite?
False
Let m(y) = y**3 + 11*y**2 + 2. Let n be m(-11). Let z(b) = -b**2 - 6*b - b - 1 + 2*b**n. Is z(-9) composite?
True
Let h(m) = m**3 + 5*m**2 - 3*m - 5. Let n be h(-5). Suppose -n = 5*y - 30. Suppose -3*u - 8 + 87 = -y*t, 3*t = -5*u + 93. Is u prime?
False
Suppose -185 = j - 2*j. Is j prime?
False
Suppose m + 23 = 3*m + 5*j, 0 = -4*m - 4*j + 16. Let p = 22 - m. Is p a composite number?
False
Let t = 3 - 12. Let f = -6 - t. Suppose -f*i - 2*p + 349 = 0, 3*p + 64 = i - 67. Is i prime?
False
Let d be 1/2*-46 + -2. Let b = -15 - -62. Let i = b + d. Is i composite?
True
Let a(o) = 155*o + 13. Is a(6) prime?
False
Suppose -g + 2*g = 0. Suppose g = -4*w + 1032 + 692. Is w prime?
True
Let j(x) be the first derivative of -23*x**4/4 + 2*x**3/3 + x**2/2 + x + 4. Is j(-2) composite?
False
Let l(v) = 4*v**3 + v**2 + v - 1. Suppose -k = -5, -2*k + 15 = -2*w + 5. Suppose -4*f + 2*t = -4, w = 5*f - 0*t + 5*t - 20. Is l(f) composite?
False
Let y(o) = 78*o + 3. Is y(6) prime?
False
Suppose -3*k + 3*t + 1367 = -598, -5*t = 0. Is k a prime number?
False
Let m(t) = -t**2 - 15*t - 7. Let q be 6/(-5)*(-50)/(-15). Let z = -10 - q. Is m(z) prime?
True
Let b(p) = 2*p**3 - 7*p**2 + 8*p - 2. Is b(6) a composite number?
True
Let l(v) = 85*v**3 - 2*v**2 + v + 19. Is l(4) prime?
True
Let b(d) = 5*d - 10. Suppose -2*a - 15 = -t, 7 = 3*a + 19. Is b(t) a prime number?
False
Let k = 1 - -5. Suppose k = 2*q, 3 = -2*d + q + 4. Suppose -23 - 95 = -d*w. Is w composite?
False
Let a = 2 + 57. Is a prime?
True
Suppose -3*u = -8*u + 1325. Is u a composite number?
True
Suppose -2*w + 0*w = 0. Let n(p) = 3 + 4*p + w*p + 2 + 0*p. Is n(4) composite?
True
Let n(i) = 14*i + 3. Is n(2) a prime number?
True
Let l(p) = 6*p - 1. Is l(13) prime?
False
Let q(b) = 3*b - 2 + 0*b**2 + 1 - b**2. Let t be q(2). Is t/(1/111*3) prime?
True
Let z(x) = 2*x - 8. Let n be z(7). Suppose -n*i = -i - 635. Is i a composite number?
False
Let k = -79 + 174. Let i = -58 + k. Is i a composite number?
False
Let v be (-2)/(-4)*(4 + -4). Is (-3 + v - -50) + 2 composite?
True
Suppose l - 8 = 5*k + 4, 2*l - 5*k - 29 = 0. Let u = l - 10. Let s(m) = -m**3 + 7*m**2 + 10*m - 1. Is s(u) composite?
True
Let w = 51 + -14. Is w a composite number?
False
Let p = -1052 - -1981. Is p a prime number?
True
Let b be 4/1 - (0 - -2). Suppose b*n = -n. Is 1*(-1 - n) + 14 prime?
True
Let g(x) = x**3 + 17*x**2 - 18*x - 6. Let i be g(-18). Is (614/(-6))/(i/18) prime?
True
Suppose 25*v - 1477 = 18*v. Is v a prime number?
True
Suppose -661 + 136 = -5*c. Let t = c + 22. Is t a prime number?
True
Let s be 6/8 - 355/20. Let j = s - -54. Is j prime?
True
Let f(q) = -7*q - 12. Let k be ((-4)/6)/((-4)/(-66)). Is f(k) a prime number?
False
Let v be -1 - (1 + (0 - 4)). Let c(a) = 228*a - 1. Let l be c(v). Suppose -q + 6*q = l. Is q composite?
True
Let o = 10 + -7. Let h be ((-4)/o)/((-3)/36). Suppose 5*w - w = h. Is w a prime number?
False
Let q(r) = r**2 - 3*r - 2. Let k be q(4). Suppose -5*l - 5*c = -l + 20, -10 = 2*l - k*c. Is 312/20*l/(-2) a composite number?
True
Let l be -2 + (-5 - 1) - -2. Let m = 9 + l. Suppose -2*k = 2*j + 2 - 8, -m*k + 3*j = -15. Is k a prime number?
False
Suppose g = -t + 698, 3*g + 2091 = 6*g + 4*t. Is g a prime number?
True
Let q = 31 - 17. Suppose -q - 24 = -2*i. Is i a prime number?
True
Is (11 - 1) + (1 - 0/1) composite?
False
Let y = 17 + -7. Let m be 96/y - (-8)/20. Is (-4)/m - (-264)/10 prime?
False
Suppose 5*n - 5 = -0*n. Suppose -u = t - 2, -3*u - n = -7. Suppose -2*v + 108 = v - 3*x, t = v - 3*x - 46. Is v a composite number?
False
Let z be (-364)/(-6) - 10/15. Is (41/(-2))/((-10)/z) a composite number?
True
Let m(p) = p + 13. Let a be m(-9). Suppose 93 = -3*u + a*u. Let o = u - 60. Is o composite?
True
Suppose k + 3*k + 4*u - 320 = 0, -5*u = k - 68. Is k prime?
True
Suppose 3*r - 4*q = -0*q - 301, 4*q = 16. Let y be 428/3 - (-2)/(-3). Let w = y + r. Is w a prime number?
True
Let h(z) = -z**3 - 5*z**2 + 4*z + 3. Let f be h(-6). Let g = f - 10. Suppose g*b - 16 - 169 = 0. Is b a prime number?
True
Let p = 18 + -3. Is p a composite number?
True
Suppose -r + 5*b = -3*r + 125, -168 = -3*r - b. Suppose 0*c - r = -c. Is c prime?
False
Let s = 97 - 46. Is s a prime number?
False
Suppose 6*a - 2*a - 16 = 0. Suppose a*u - 326 = -10. Is u a prime number?
True
Let f(v) = -v**3 + 4*v**2 - 2*v - 1. Let c be f(2). Let d(n) = n**2 + 2*n - 4. Let h be d(c). Let y = -5 + h. Is y composite?
True
Let w(m) = 8*m**2 - 4*m - 3. Let k be w(5). Suppose -5*d - 604 + k = -3*q, 5*q - d - 741 = 0. Is q prime?
True
Is (-11)/55 - 446/(-5) composite?
False
Let r(t) = -t**2 + 3*t + 4. Let f be r(4). Suppose 3*p = -f*l - 2*l + 61, -4*p = -12. Suppose -y - 108 = -3*z, -2*z = -3*z - 3*y + l. Is z prime?
False
Let r(h) = -h**2 + h - 1. Let l(u) = -u**3 + 4*u**2 + 6*u - 2. Let b(g) = -l(g) + 3*r(g). Is b(8) composite?
True
Suppose q - 7*m + 11 = -2*m, 0 = q - 2*m + 2. Suppose 4*b - i = 4 + 360, -q*b + 5*i = -380. Suppose 0*w + n + b = 5*w, 2*w - 23 = 3*n. Is w a composite number?
False
Suppose 0 = -2*a + 1425 + 889. Is a prime?
False
Let i(t) be the second derivative of -86*t**3/3 - 7*t**2/2 - 2*t. Is i(-5) a prime number?
True
Supp